59*n - 476. Calculate h(8).
-4
Let a(x) = x**3 - 43*x**2 + 39*x + 68. What is a(42)?
-58
Let g(b) = -5030*b + 10065. What is g(2)?
5
Let p(z) = z**3 + 2*z**2 - 17*z - 45. Determine p(-4).
-9
Let x(p) = p**3 + 27*p**2 + 104*p + 250. Calculate x(-23).
-26
Let x(r) = 26*r - 704. Determine x(22).
-132
Let h(b) = -211*b + 7162. Calculate h(34).
-12
Let x(p) = 2*p**2 - 4*p - 23. Calculate x(0).
-23
Let t(m) = -m**3 + 19*m**2 - 32*m - 20. Give t(17).
14
Let g(y) = 4*y**3 + 34*y**2 - 32*y + 286. Give g(-10).
6
Let p(q) = q**3 + 20*q**2 + 124*q + 435. Give p(-13).
6
Let r(x) = -168*x - 42. Calculate r(-2).
294
Let x(u) = u**3 + 10*u**2 + 2*u - 30. What is x(-7)?
103
Let t(r) = -8*r**3 - 65*r**2 - 9*r + 8. What is t(-8)?
16
Let b(n) = 118*n + 4922. Give b(-42).
-34
Let u(p) = p**2 + 23*p - 673. Calculate u(-40).
7
Let m(q) = q**3 + 90*q**2 - 148*q - 21083. What is m(-89)?
10
Let r(a) = 740*a + 6665. Give r(-9).
5
Let b(i) = -i**3 - 13*i**2 - 17*i - 21. Determine b(-9).
-192
Let k(x) = -13*x - 109. Calculate k(-8).
-5
Let j(n) = -21*n**2 - 919*n + 192. Calculate j(-44).
-28
Let q(n) = 72*n**2 - 7*n - 8. Calculate q(-1).
71
Let j(a) = -19*a + 280. Calculate j(18).
-62
Let k(v) = 13*v - 883. Determine k(67).
-12
Let f(w) = 4*w**2 - 57*w + 38. What is f(10)?
-132
Let s(q) = -q - 190. Give s(24).
-214
Let f(d) = 272*d + 1586. Calculate f(-6).
-46
Let y(k) = 18*k**3 + 2*k**2 - 25*k - 53. What is y(-2)?
-139
Let c(q) = -q**3 - 40*q**2 + 82*q + 165. Calculate c(-42).
249
Let x(t) = 82*t + 69. Give x(-1).
-13
Let m(t) = -108*t + 10. Determine m(-2).
226
Let l(z) = 8*z**2 - 30*z - 165. What is l(-3)?
-3
Let t(z) = z**3 + 116*z**2 - 230*z + 749. Determine t(-118).
41
Let n(h) = 2*h**3 - 8*h**2 + h + 7. Determine n(-1).
-4
Let k(o) = -475*o + 5579. Give k(12).
-121
Let f(q) = -4*q**2 + 146*q + 1312. Calculate f(44).
-8
Let a(j) = 3*j**3 - 2*j**2 + 42*j + 88. Determine a(-2).
-28
Let x(b) = -5*b**2 + 163*b - 243. What is x(31)?
5
Let o(k) = -108*k + 862. What is o(8)?
-2
Let k(w) = w**3 + 12*w**2 - 4*w - 69. What is k(-7)?
204
Let h(x) = 2*x**3 - 11*x**2 - 8*x + 4. What is h(6)?
-8
Let g(c) = 3*c**2 - 62*c - 87. Give g(29).
638
Let i(o) = 1432*o - 4300. Give i(3).
-4
Let g(q) = 3*q**3 + 28*q**2 + 23*q + 20. Give g(-8).
92
Let d(n) = -n**3 + n**2 + 49*n - 138. What is d(5)?
7
Let s(h) = -2*h**3 - 6*h**2 + 31*h + 35. Give s(-5).
-20
Let j(i) = 2*i**2 + 72*i - 675. Calculate j(-43).
-73
Let q(p) = -54*p**2 - 266*p + 8. Determine q(-6).
-340
Let r(n) = 301*n + 7254. Determine r(-24).
30
Let k(n) = -3*n**2 - 226*n + 1719. Calculate k(7).
-10
Let f(w) = -w**2 + 2*w + 22. What is f(10)?
-58
Let a(v) = v**2 - v - 151. What is a(11)?
-41
Let n(i) = -548*i - 15373. Calculate n(-28).
-29
Let v(m) = -m**3 + 208*m**2 + 634*m - 206. Give v(211).
5
Let b(l) = -113*l - 137. Determine b(-2).
89
Let r(s) = 2*s**2 + 151*s - 77. What is r(-76)?
-1
Let y(j) = 4*j + 239. Determine y(-94).
-137
Let n(h) = -62781*h + 313909. Calculate n(5).
4
Let p(d) = -438*d + 1671. What is p(4)?
-81
Let o(z) = 2*z**2 - 2*z - 334. Calculate o(-12).
-22
Let v(h) = -2*h**3 - 10*h**2 - 19*h - 22. Determine v(-3).
-1
Let s(w) = -w**2 - 34*w + 59. What is s(-35)?
24
Let z(x) = -52*x - 2174. Calculate z(-41).
-42
Let o(v) = -53*v**2 + 3*v - 2. Give o(0).
-2
Let t(k) = k**2 - 31*k + 126. What is t(24)?
-42
Let p(r) = r**2 - 121*r - 22110. What is p(-100)?
-10
Let m(p) = -8*p**2 + 4*p - 25. What is m(-3)?
-109
Let l(w) = 30*w + 605. Determine l(-16).
125
Let o(m) = m**2 - 1074*m + 7480. Calculate o(7).
11
Let b(i) = 148*i**2 + 733*i - 30. Calculate b(-5).
5
Let v(o) = -o**3 - 36*o**2 - 5*o - 35. Give v(-36).
145
Let w(i) = 252*i - 88449. What is w(351)?
3
Let y(p) = -7*p - 17. Calculate y(0).
-17
Let i(q) = -q**2 + 52*q - 411. What is i(44)?
-59
Let p(m) = -599*m - 1406. Give p(-2).
-208
Let h(y) = -y**3 + 17*y**2 - 14*y - 44. Determine h(12).
508
Let j(f) = -135*f + 534. Calculate j(4).
-6
Let i(d) = -d**3 - d**2 + 18*d - 4. What is i(-5)?
6
Let k(o) = -1124*o + 8930. Determine k(8).
-62
Let u(d) = -5*d**2 + 342*d - 343. Calculate u(1).
-6
Let l(s) = 123*s + 175. Determine l(3).
544
Let x(o) = 8256*o - 33009. Give x(4).
15
Let t(k) = -k**2 - 95*k + 157. Calculate t(-101).
-449
Let o(b) = -29*b + 10. Calculate o(2).
-48
Let n(g) = -52*g - 390. Calculate n(-7).
-26
Let l(s) = 130*s + 4305. Calculate l(-33).
15
Let x(l) = 5*l**2 - 160*l + 780. What is x(5)?
105
Let j(v) = v**3 - 12*v**2 - 25*v - 44. Determine j(14).
-2
Let b(s) = s**3 - 107*s**2 + 2751*s + 47. Give b(43).
4
Let x(z) = 296*z - 1481. Determine x(5).
-1
Let v(m) = 48*m - 2368. Give v(50).
32
Let c(a) = -73*a - 3956. Determine c(-54).
-14
Let z(i) = -i**2 - 97*i - 380. Give z(-4).
-8
Let x(v) = -17*v**2 - v + 78. Determine x(0).
78
Let i(g) = 61*g + 269. Determine i(-4).
25
Let g(l) = l**2 + 151*l + 3627. Give g(-30).
-3
Let g(i) = 1028*i - 3093. Determine g(3).
-9
Let q(u) = -u**3 - 12*u**2 - 24*u + 29. Give q(-7).
-48
Let c(r) = 3*r**3 + 18*r**2 - 77*r + 24. Give c(4).
196
Let h(y) = -88*y + 5457. What is h(62)?
1
Let k(u) = -u**3 - 13*u**2 + 13*u - 261. Determine k(-15).
-6
Let j(b) = 3*b**2 + 127*b - 250. Give j(2).
16
Let q(a) = 4*a**3 + 20*a**2 + 20*a + 2. Determine q(-1).
-2
Let c(h) = -h**2 + 149*h - 4800. Give c(47).
-6
Let j(o) = 527*o - 102233. Give j(194).
5
Let a(b) = -281*b + 3940. Calculate a(14).
6
Let t(x) = 6*x**2 - 309*x - 2072. Calculate t(-6).
-2
Let q(r) = r**3 + 13*r**2 - 70*r - 96. Determine q(-17).
-62
Let z(u) = -43*u + 1637. Give z(37).
46
Let f(j) = -j**3 - 70*j**2 - 139*j - 182. What is f(-68)?
22
Let q(w) = -857*w - 1685. What is q(-2)?
29
Let u(i) = -2*i**2 + 70*i + 332. Determine u(39).
20
Let l(t) = 4*t**3 + 4*t**2 - 16*t - 7. Give l(-2).
9
Let k(y) = y**3 + 74*y**2 + 638*y - 131. What is k(-64)?
-3
Let u(w) = -w**3 - 59*w**2 - 57*w + 59. What is u(-58)?
1
Let i(l) = l**2 + 258*l + 5569. What is i(-234)?
-47
Let j(t) = -13*t**3 - 5*t**2 + 10*t - 3. Give j(2).
-107
Let o(i) = -542*i - 585. What is o(-1)?
-43
Let k(i) = 2*i**2 + 620*i + 5413. Calculate k(-9).
-5
Let n(l) = l**3 + 220*l**2 + 443*l + 1521. What is n(-218)?
-5
Let f(g) = g**2 + 3*g - 130. What is f(-11)?
-42
Let i(x) = -x**3 - 155*x**2 + 181*x + 3893. What is i(-156)?
-7
Let p(f) = -f**3 + 57*f**2 + 114*f + 243. Calculate p(59).
7
Let t(u) = 2*u**3 - 117*u**2 - 702*u - 133. What is t(64)?
-5
Let t(k) = -62*k - 23. Give t(-1).
39
Let n(y) = 52*y**3 + 251*y**2 - 43*y + 18. Give n(-5).
8
Let x(k) = 2*k**3 + 181*k**2 - 105*k - 1384. What is x(-91)?
-110
Let b(s) = -s**3 - 20*s**2 + 339*s + 34. What is b(11)?
12
Let x(o) = 2*o**3 + 9*o**2 - 753*o - 4406. Determine x(-6).
4
Let v(s) = s**2 - 27*s + 120. Calculate v(20).
-20
Let t(r) = r**3 - 2*r**2 - 41*r + 145. What is t(4)?
13
Let d(a) = -81*a + 5510. Determine d(68).
2
Let w(c) = 3*c**2 + 185*c - 1849. Give w(9).
59
Let o(k) = -66*k**2 + k - 16. Determine o(0).
-16
Let h(o) = -153*o**2 + 12543*o + 243. What is h(82)?
-3
Let b(u) = u**3 + 50*u**2 + 425*u - 133. Determine b(-39).
23
Let r(q) = q**3 + q**2 + 38*q - 88. What is r(3)?
62
Let q(j) = -2*j**2 - 154*j + 25. Determine q(-78).
-131
Let j(g) = -45*g - 13. Give j(-2).
77
Let a(s) = -2*s**3 - 321*s**2 + 483*s - 497. What is a(-162)?
-11
Let t(i) = 3524*i - 17568. Determine t(5).
52
Let d(l) = -9*l**3 - 57*l**2 - 58*l - 241. What is d(-6)?
-1
Let z(a) = -a**3 + 40*a**2 - 150*a + 188. Give z(36).
-28
Let q(t) = 2*t**2 + 54*t + 333. What is q(-8)?
29
Let n(m) = 141*m**2 + 55*m + 56. Determine n(-1).
142
Let t(l) = -16*l**2 + 200*l + 356. Give t(14).
20
Let o(v) = -24*v + 42. What is o(2)?
-6
Let t(g) = -2*g**3 + 60*g**2 - 5*g + 151. Give t(30).
1
Let f(j) = 38*j**3 + j**2 + j + 1. Determine f(-1).
-37
Let j(g) = -2*g**3 + 24*g**2 - 2*g - 324. What is j(11)?
-104
Let u(w) = -375*w - 2159. What is u(-5)?
-284
Let m(q) = 14*q + 342. Give m(-25).
-8
Let p(g) = g**3 + 134*g**2 + 133*g + 4. Give p(-133).
4
Let m(y) = 39*y - 344. Determine m(19).
397
Let u(v) = -32*v**2 - 731*v - 25. Determine u(-23).
-140
Let g(s) = s**2 - 37*s - 415. What is g(-9)?
-1
Let o(u) = 1589*u + 31737. Calculate o(-20).
-43
Let x(h) = 2*h**2 - 6*h + 5. Calculate x(3).
5
Let w(b) = -860*b + 1642. Determine w(2).
-78
Let y(h) = -332*h + 19258. Calculate y(58).
2
Let c(w) = 2*w**2 + 88*w